0)/(3/(x/(-2))). Suppose 0 = 5*p - 5*o - 40, 3*o = -3*p - 0*p + d. What is the units digit of p?
9
Let v = 10788 - 5736. What is the thousands digit of v?
5
Let a(j) = -3*j - 7. Let s(v) = -8*v - 21. Let r(l) = 11*a(l) - 4*s(l). Let x be r(-4). Let o(w) = -w**2 + 13*w - 10. What is the tens digit of o(x)?
1
Let d = -1027 - -1481. What is the units digit of d?
4
Suppose 2*v = v + 42. Suppose -114 = -4*w + v. Let l = w - 22. What is the units digit of l?
7
Let d = 1359 - 339. What is the units digit of d?
0
Let o be (4/1)/(3 - (3 - 2)). Suppose -o*j = -329 + 19. What is the tens digit of j?
5
Suppose 0*w = w - n + 76, -3*n - 64 = w. Let d = w - -165. What is the tens digit of d?
9
Let k = 965 - 484. What is the tens digit of k?
8
Suppose o + 3*o + 3*j = 51, 2*o - 5*j + 7 = 0. Suppose -3*s - 4*r = 22, 5*r + o = -3*s - 11. What is the units digit of (-75)/s*2/3?
5
Let f(i) = -708*i - 27. What is the hundreds digit of f(-3)?
0
Let a(c) = -5*c - 3. Let k be a(-2). Suppose -504 = -k*r + 553. What is the units digit of r?
1
Suppose 13*a - 116 = -77. What is the units digit of a?
3
Let o(x) = 3*x**2 + 18*x + 6. Suppose -p + 2*m = p + 22, -4*p - 12 = 4*m. What is the tens digit of o(p)?
2
Suppose 0 = 8*y + 1576 - 264. Let s = y - -319. What is the units digit of s?
5
Suppose -3*z + 5222 = 4*v, 2*z - 3482 = 10*v - 12*v. What is the hundreds digit of z?
7
What is the tens digit of 107120/(-40)*1/(-2)?
3
Suppose -2*n - 4 = -12. Suppose -5*a + 0*a = -3*h - 19, -n*h = 4*a - 28. Suppose t + 4*j = 8, a*t = 2*j - 3*j + 97. What is the units digit of t?
0
Suppose x = 2*o - 41, -5*o + 3*x + 14 = -87. Suppose o*k = 23*k - 77. What is the units digit of k?
7
Let x be ((-11)/(-3)*-3)/(-1). Suppose x*p - 6*p - 455 = 0. What is the tens digit of p?
9
Let h be (-206)/(-10) + 16/40. Let x = -21 + h. Suppose -3*p - 14 = 4*z - 78, x = -4*p. What is the tens digit of z?
1
Let s(b) = 25*b - 25. Let r be s(13). Suppose -3*v - r = -7*v. What is the units digit of v?
5
Let q = 51 - -21. Suppose -5*l + 8 = -q. What is the tens digit of l?
1
Suppose 7*y - 6194 + 1812 = 0. What is the tens digit of y?
2
Let o be 1/((-15)/10 + 2). Suppose 5*h + 5*t = 420, -80 - 177 = -3*h - o*t. What is the units digit of h?
9
Suppose -4*q + 162 + 478 = 0. What is the hundreds digit of q?
1
Let f be 560/(-12) - ((-5)/3 - -2). Let d = 132 + f. What is the tens digit of d?
8
Suppose 21 = 4*l - 23. Let t be 0 + (-168)/30 + 3/5. Let x = l + t. What is the units digit of x?
6
Suppose -w = -1 + 5. Let a be (w - -1)/(-3) - -3. Suppose x + 3*s - 25 = 0, 3*x = 7*x - a*s - 116. What is the units digit of x?
8
Let x = 181 - 63. Let p be 1 + (-487)/(-9) - 28/252. Let f = x - p. What is the tens digit of f?
6
Let h(w) = 9*w**2 - 9*w - 36. What is the units digit of h(11)?
4
Let r(o) = -2 + o + 7 + 2. What is the tens digit of r(10)?
1
Let i(x) = x**3 - 2*x**2 + 1. Let n be i(-1). What is the hundreds digit of n - (17 + -14 - 1*113)?
1
Let l be -5*(36/(-5))/4. Let c = l + -8. What is the units digit of 16/c - (1 + 0)?
5
Suppose 0 = -2*n + 6. Suppose 0 = -0*c - 3*c - 2*s + 53, 2*c + n*s = 37. Let u = c + 19. What is the tens digit of u?
3
What is the thousands digit of (1 - -1166)*(2 + 1)?
3
Let r = -276 - -482. Suppose 2*q - 364 = -i, q + 24 = i + r. What is the hundreds digit of q?
1
Let l = 12 - 15. Let k be l*2/(-4)*6. What is the tens digit of 10/(-4)*(-1 - k)?
2
Let o = 150 + -40. Suppose -u = -o + 16. Let g = u + -32. What is the units digit of g?
2
Suppose 5*t = -3*r + 4838, 0 = -0*t - 4*t + r + 3884. What is the hundreds digit of t?
9
Let i be (-2)/(1/1) - -4. Let r be (-2)/(-2) + 4 + -1. Let l = r - i. What is the units digit of l?
2
Let n(u) = 45*u + 208. What is the units digit of n(-4)?
8
Suppose -q - 9 = 2*q, -5*j + 7945 = -5*q. What is the thousands digit of j?
1
Let a(z) = 14*z**2 + 15*z + 56. What is the hundreds digit of a(-6)?
4
Suppose -y = 4*m - 1216, -3*m - 4*y = 2*m - 1531. Suppose -63*p + m = -60*p. What is the tens digit of p?
0
What is the hundreds digit of (32/12*10)/(7/483)?
8
Let h(n) = 3*n**2 - 3*n**2 - n**3 + 2*n**2 + 68. What is the units digit of h(0)?
8
Suppose 2*s + 6174 = -z - 0*s, -3*z + 4*s = 18522. What is the tens digit of z/(-78) + (-8)/52?
7
Suppose -4*g = 2*l + 12, 4*l + 0*g + 3 = -g. Let u be (51/34)/((-6)/16*2). What is the units digit of (l - -1) + -1 - u?
2
Let y(r) = -11*r - 233. What is the tens digit of y(-46)?
7
Let k(z) = 2*z**2 + 29*z - 16. Let i be k(-15). Let a(p) = -316*p**3 + p**2 + p - 1. What is the units digit of a(i)?
5
Suppose 3*u + 63 = -5*q, -5*q - 43 = -4*u + 48. What is the units digit of (-2)/q + (-53488)/(-240)?
3
Let s = 26 + -23. Suppose -5*y - 3*a = -a - 95, -2*y = s*a - 38. Suppose 25 + y = 2*h. What is the units digit of h?
2
What is the units digit of 14/35 - (-9456)/10?
6
Let c(n) = n**3 - 5*n**2 - 5*n + 9. Let v be c(6). Let q(h) = h**2 - 14*h - 7. Let r be q(v). Let l = r + -1. What is the units digit of l?
7
Suppose -4*b = -3*v - 1 - 15, 0 = -4*v + 2*b - 8. Suppose 2*k - 10 - 276 = v. What is the hundreds digit of k?
1
Suppose 0 = -o + x - 12, 0*o - 4*x = 4*o + 32. What is the tens digit of (-10)/o*(-2 + 99)?
9
Suppose -2*w = -3*c + 34, 3*w + 46 = 4*c - 0*c. Suppose 4*r = z + 989, -3*r = -3*z + c - 745. What is the hundreds digit of r?
2
Let f = 3 - -9. Suppose -2*g + 5*u - u = f, -3*g = 5*u + 29. Let s = 5 - g. What is the tens digit of s?
1
What is the tens digit of (3138/8)/(-1*3/(-8))?
4
What is the units digit of (4 - (-230)/(-60)) + 7426/12?
9
Suppose -1098 = -3*k - 3*z, k = -20*z + 18*z + 371. What is the tens digit of k?
6
Let j be (-8)/44 + (-159)/33. Suppose -25 = -2*l + 7. Let a = l + j. What is the tens digit of a?
1
Suppose 4*m + 6*i - 3*i - 23 = 0, -4*i = 5*m - 29. Suppose z - 82 = 77. Suppose 4*y - z - m = 0. What is the tens digit of y?
4
Let o be ((-12)/15)/((-2)/20). Suppose 0 = o*n - 223 + 71. What is the tens digit of n?
1
Suppose 2*p = y - 8, p + 22 = 5*y - 3*p. Suppose -4*x + 17 + 1 = y*u, 5*u - 5 = 0. What is the units digit of x?
4
Suppose 2*l = -5*m + 10, 3*l - 6 = -m - 17. Suppose -m = t - 2*t. Let r(a) = a**2 + 5. What is the tens digit of r(t)?
2
Let x be 2*(-9)/12*-4. Let b(o) = -2 + 16*o**2 + 11*o**2 - 28*o**2 + x*o**3. What is the tens digit of b(2)?
4
Let c(a) = 5*a**2 - 3*a + 8. Let q be c(4). Suppose -4*i + q = -216. What is the tens digit of i?
7
Suppose -4736 - 11530 = -6*z. What is the thousands digit of z?
2
Let h(m) = 15*m - 211*m**2 - 7 + 212*m**2 + 22. What is the units digit of h(11)?
1
Let y(x) = -902*x - 514. What is the hundreds digit of y(-7)?
8
Suppose -z + 3*j = -3*z - 2, 2*j = z - 6. Let f be ((-26)/39)/(z/15). Let m = f - -20. What is the units digit of m?
5
What is the hundreds digit of 1/8 + 8/((-384)/(-46362))?
9
Let t(o) = 2628*o**2 - 6*o + 4. What is the thousands digit of t(1)?
2
Suppose 0 = 4*i + 2*x - 20, 3*x - 26 = -8*i + 3*i. Let k = 28 + i. What is the tens digit of k?
3
Suppose 5*k = -5*t - 95, 2*t = -4*k - 4 - 42. What is the units digit of ((-198)/t)/((-3)/(-10))?
4
Suppose 0 = -q + 8. Let k be 8*4/q - 1. Suppose -5*s + k*s + 128 = 0. What is the tens digit of s?
6
Let r = 1479 - 969. What is the tens digit of r?
1
Suppose 0 = 4*x + 5*i - 56, -4*i - 6 = -x + 8. Suppose -x*h = 314 - 1728. What is the hundreds digit of h?
1
Let u be 4/6 + 256/3. What is the units digit of (-2 - (0 + 1)) + u?
3
Suppose 2 = s - 4*m, -2*m + 0 = -2*s + 4. Let q be (-24)/18*(-237)/s. Let z = q + -113. What is the units digit of z?
5
Let d = -2690 - -6049. What is the thousands digit of d?
3
Let q(u) = -u**2 + 7*u - 7. Suppose -4*t = 2*y - 48, 4*t - 4*y + y = 48. Let b = t - 7. What is the units digit of q(b)?
3
Let z(u) = 515*u**2 + 50*u - 50. What is the units digit of z(1)?
5
Let g(u) be the first derivative of u**2/2 + u + 4. Let i be g(3). Suppose i*b - 27 = -4*t - 3, -3*t + 18 = -b. What is the units digit of t?
6
Suppose 151 = 3*z - 4*a, a + 4*a = -5*z + 205. Let m be ((-3)/9)/((-3)/z). Suppose -m*g = -2*g - 21. What is the units digit of g?
7
Let g(x) = -x**3 - 4*x**2 - x - 4. Let n be g(-4). Let u(i) be the first derivative of 3*i**2/2 + 8*i - 200. What is the units digit of u(n)?
8
Let b(q) = -2*q**2 - 74*q - 39. What is the tens digit of b(-33)?
2
Suppose 41*v + 8596 - 63290 = 0. W